 w be m(5). Calculate the greatest common divisor of w and t.
11
Suppose 0 = -2*a - 5*m, -8 = 4*a + 5*m - 28. What is the highest common divisor of a and 70?
10
Suppose 4*y - 507 = -5*i, -3*y + 129 = -2*y - i. Suppose h + 10 = 3*h. Suppose 0*d + h*d - 80 = 0. Calculate the greatest common factor of d and y.
16
Let q be (-4)/(-6) + 304/12. Let g be 3/3*-2 + q. Calculate the greatest common divisor of g and 12.
12
Suppose -5*q + q = -72. Let p be (1 + 8)/(2/q). What is the highest common factor of 9 and p?
9
Let x be 32 - 15 - ((0 - -1) + -2). Calculate the greatest common factor of x and 144.
18
Let f be 0 + (3 + -1)/1. Let r = -18 - -24. Let s be (r/(-5))/((-3)/40). What is the highest common factor of s and f?
2
Suppose 2*x - 4*l - 1093 = 199, -3*x - 2*l = -1946. Suppose 2*m - 6*m = -x. Let n = 230 - m. Calculate the highest common divisor of 17 and n.
17
Let p(h) = h + 20. Let d be p(-6). Let t(g) = g**3 - g**2 - g + 28. Let m be t(0). What is the greatest common factor of m and d?
14
Suppose s = 5*z - 7, -3*s - 8 - 13 = -4*z. Let j(l) = -l**3 - 8*l**2 - 7*l + 6. Let n be j(s). Calculate the greatest common factor of 9 and n.
3
Suppose -12 - 28 = -5*n. Suppose -156 = -3*v - 3*m, -60 = -v + 3*m + 8. What is the highest common factor of v and n?
8
Let h be 4/8*(0 - -8). What is the greatest common divisor of h and 4?
4
Let a(h) = 2*h**2 + 15*h - 5. Let j = 19 - 34. Let l be a(j). Calculate the greatest common factor of l and 20.
20
Let v be 1*((2 - -183) + 2). What is the highest common divisor of v and 17?
17
Let z(a) = a + 12. Let i be z(6). Let y = 32 - i. Let v = -28 - -140. What is the greatest common factor of v and y?
14
Let t = -148 - -346. Suppose -2*o = -o - 18. Calculate the highest common factor of t and o.
18
Let k = 0 + 7. Let w(z) = z**2 + 6*z - 4. Let t be w(-7). Suppose 0 = -m + 4*m + 3*b, 5*b = -2*m - t. What is the greatest common divisor of m and k?
1
Suppose -5*c + 4*w = -11, 0 = 4*c + w - 11 - 2. Suppose -o = 2*o + 9, -c*o - 11 = -z. Let i be (1/2)/(z/384). Calculate the highest common divisor of i and 12.
12
Let w(c) = -c + 68. Let x be w(15). What is the greatest common divisor of x and 53?
53
Let y be (-2 - 0)/2*-91. Suppose 2*w - 24 = 12. Let n = -5 + w. Calculate the greatest common divisor of y and n.
13
Suppose 3*n + 3*n - 108 = 0. Calculate the greatest common factor of 18 and n.
18
Suppose -19*j = -18*j - 9. Calculate the greatest common divisor of 81 and j.
9
Let y = 16 - 11. Suppose -4*d + 0*d - 72 = -y*m, 12 = m - 2*d. Let q be (8/14)/(8/28). What is the highest common factor of q and m?
2
Let u be (6 + -3 - 2)*39. Calculate the greatest common divisor of u and 13.
13
Let v(d) = -d**2 + 4. Let z(j) = -j**2 - 6*j + 7. Let s be z(-7). Let h be v(s). Let y be (1 - 0)*(34 + h). What is the highest common factor of y and 95?
19
Let z(g) = 4 - 6*g + 5*g + 0*g + g**2. Suppose -3*n + 5*o - 6 = 0, 4*o - 27 = -4*n - 3. Let t be z(n). Calculate the greatest common divisor of t and 10.
10
Let i be (60/(-16))/((-3)/16). What is the highest common factor of 100 and i?
20
Suppose 3*j - 6 = 3*y, -y + 5*j = -6 - 4. Suppose 11 = 5*t - 109. Let l be t/4*y/(-2). What is the greatest common factor of 10 and l?
5
Let w(z) = z - 2. Let k be w(2). Suppose k = i - 4*i + 135. Calculate the greatest common divisor of 30 and i.
15
Let m(j) = j**3 - 12*j**2 - 13*j + 3. Let c be m(13). Calculate the highest common divisor of 21 and c.
3
Let l = -19 + 39. Calculate the highest common factor of 20 and l.
20
Let y = -8 - -12. Suppose 49 = y*g + 5*r, -2*g - 3*r + 8*r + 47 = 0. Calculate the greatest common factor of g and 8.
8
Let v be (6 - 7)/((-1)/22). Calculate the greatest common divisor of v and 55.
11
Suppose -v + 2*v - 15 = 0. Suppose x + 1 = 0, r - 3*x + 54 - 11 = 0. Let h = r + 91. What is the highest common factor of h and v?
15
Suppose 0*b - 2*b + 8 = 0. Suppose b*m = 0, 4*z - 12 = 3*m + m. Calculate the greatest common divisor of 1 and z.
1
Let a(g) = -g**2 - 6*g + 8. Let c be a(-7). Suppose 0 = -m + 10 + c. What is the greatest common divisor of m and 44?
11
Let i = -4 - -11. Let a = -3 + i. Suppose a*h + 4*t - 52 = 0, -h - 3*t = -t - 11. Calculate the greatest common divisor of h and 10.
5
Suppose -3*h - 2*h - 4*a + 48 = 0, 3*h - 51 = 5*a. Let q = 6 - 12. Let b = h + q. Calculate the greatest common factor of 48 and b.
6
Let h = -8 + 42. Let r = -100 + h. Let c be r/4*(-4)/6. What is the highest common divisor of 55 and c?
11
Let y(g) = g - 7. Suppose -5*o + 4 + 42 = 2*u, -u = 3*o - 28. Let a be y(o). What is the greatest common factor of 15 and a?
3
Let m(b) = -b**3 - 9*b**2 + 2*b - 2. Let j be m(-9). Let x = j - -25. What is the greatest common factor of 1 and x?
1
Let s = -21 + 23. Suppose -210 = s*w - 3*w. Calculate the greatest common divisor of w and 30.
30
Let g be (10/25)/(2/30). Let j be ((-4)/g)/((-6)/117). What is the highest common factor of 13 and j?
13
Let k(x) = x**2 + 5*x + 2. Let i be k(-4). Let u be 2/4*i + 17. What is the greatest common divisor of u and 16?
16
Suppose h + 19 = -2*x + 4*h, -x = -5*h + 27. Let d be (-1 - 1/(-1))/x. Let y be d/3 - (0 - 6). Calculate the greatest common divisor of y and 30.
6
Let v be (1 + -2)*(5 - 36/6). What is the greatest common divisor of v and 25?
1
Let a be 3*-1*(-44)/12. Suppose 3*k - a = -2. Suppose 5*h = r - 38, k*h + 103 = 5*r - 43. What is the highest common factor of r and 4?
4
Let y(a) = a**3 + 3*a**2 - 2*a - 1. Let t be y(-3). Let w(x) = x**3 + 3 + 15 - 8 - x**2. Let z be w(0). Calculate the highest common factor of z and t.
5
Let i(k) = -k**3 + 37*k**2 - 71*k + 36. Let g be i(35). What is the highest common divisor of g and 2?
1
Suppose -2*w + 34 = 5*m, 5*w + 20 = -m + 6*m. What is the highest common divisor of m and 24?
6
Suppose -145 = c + 20. Let a = -93 - c. What is the greatest common factor of 9 and a?
9
Let h = 13 + -10. Suppose -51 = -h*r + j, 5*r - 3*j - 42 = 39. Calculate the highest common divisor of 9 and r.
9
Let a = -8 - -14. Let p be -3 + a - (1 - 2). Let q = 28 - 12. Calculate the greatest common factor of p and q.
4
Let u be 0 + 0/3*-1. Suppose 3*o + 2 = -4, -2*q - 5*o - 30 = u. Let w = q + 27. Calculate the highest common factor of w and 34.
17
Let j be 5/(0 - -3 - 2). Let v be (-1)/j + 78/15. Suppose 160 = u + 3*u. What is the highest common factor of v and u?
5
Let l = -5 + 4. Let x = l - -36. What is the greatest common divisor of x and 7?
7
Suppose -2*q - 132 = -3*q. Let n be -2 - -1 - (-4 - q). What is the highest common divisor of n and 54?
27
Let j be (-26)/(-10) + 4/10. Suppose -3*r + 0*r + 5*d = 0, -3*d = -j*r. Suppose r*n + 24 = n. What is the greatest common factor of n and 16?
8
Let n = -40 - -90. What is the highest common factor of n and 20?
10
Suppose -5*g = 179 + 1601. Let b be (-2)/(-7) - g/28. What is the highest common factor of 117 and b?
13
Suppose -9 = m - 2*g, 0 = -4*m - 2*g + 10 - 66. Let u = 23 + m. Suppose -3*z = -0*z - 3. Calculate the highest common divisor of u and z.
1
Suppose 4*z - 3*g = -15, -z + 4*g = 14 + 6. Suppose -2*c - 2*c + 44 = z. Calculate the greatest common factor of c and 33.
11
Let i(r) be the second derivative of r**4/12 - r**3/3 - 2*r**2 + r. Let k be i(7). Suppose 49 = g - k. Calculate the highest common divisor of g and 32.
16
Suppose 6*o - 8*o + 46 = 0. What is the highest common factor of 115 and o?
23
Suppose 0 = 5*b + 6*w - 2*w - 35, 4*b = -2*w + 22. Suppose -12 - 15 = -b*q. What is the highest common divisor of 36 and q?
9
Let f(d) = -7*d - 38. Let t be f(-6). Calculate the highest common divisor of 4 and t.
4
Suppose -4*x - 4*w = -152, -3*x - 5*w = -8*x + 210. What is the greatest common factor of 20 and x?
20
Let v be 26/(-39) + (-10)/3 + 5. Calculate the highest common divisor of 19 and v.
1
Let y be (-4)/14 + (-414)/21. Let g be 1090/y*(1 + -3). Suppose 5*x - g + 14 = 0. What is the highest common factor of x and 95?
19
Let o = 25 - -2. Let u = o - 19. Suppose -s - 3*s + 160 = 0. Calculate the greatest common factor of s and u.
8
Let s be (-1 - -11) + 1 + -1. Let w = 25 - s. Suppose 87 - w = 2*u. Calculate the greatest common divisor of 12 and u.
12
Suppose -5*l + l = -660. Suppose 0*o = -2*o + 130. Suppose a = 4*f - o + 9, -5*f + 5*a + 55 = 0. Calculate the highest common factor of f 